ite?
True
Is 57036491 a composite number?
False
Is 18064883 a prime number?
False
Is 916145434 a prime number?
False
Is 3501577 prime?
False
Is 47959403 a composite number?
False
Is 215533 a composite number?
True
Is 15163 a composite number?
True
Is 1871759 prime?
False
Is 1028419 a composite number?
True
Is 54135511 prime?
True
Is 101895869 prime?
True
Is 10725581 prime?
False
Is 140416261 composite?
True
Is 5040221 a prime number?
True
Is 4539289 a composite number?
True
Is 17547245 a composite number?
True
Is 5392709 a composite number?
True
Is 135080203 prime?
True
Is 24624307 a prime number?
True
Is 1275269 a composite number?
False
Is 8066717 a prime number?
True
Is 50580091 composite?
False
Is 1187897 a composite number?
False
Is 32398293 a composite number?
True
Is 4457261 a prime number?
False
Is 138284051 composite?
False
Is 635413 composite?
False
Is 15369961 a composite number?
True
Is 54518459 a composite number?
False
Is 193604237 prime?
True
Is 497273 prime?
False
Is 57498377 prime?
False
Is 4720823 composite?
True
Is 353517913 composite?
True
Is 20242493 a prime number?
False
Is 45570121 composite?
False
Is 41113453 a prime number?
True
Is 516935 composite?
True
Is 11390143 a composite number?
False
Is 5035841 composite?
False
Is 12091241 prime?
True
Is 110572279 a prime number?
True
Is 2430523 composite?
False
Is 821689 a prime number?
False
Is 1806197 a prime number?
False
Is 12107051 a prime number?
False
Is 8217997 composite?
True
Is 1077793 a prime number?
True
Is 43873553 prime?
True
Is 11925821 prime?
True
Is 98663727 composite?
True
Is 5556557 prime?
True
Is 39063313 composite?
False
Is 106617851 a prime number?
True
Is 71765833 a composite number?
True
Is 40234097 a composite number?
False
Is 49076177 composite?
True
Is 34427093 composite?
False
Is 5474317 prime?
False
Is 11940997 prime?
True
Is 2398505 a composite number?
True
Is 20705053 composite?
False
Is 63197531 prime?
False
Is 18570061 prime?
False
Is 1272571 composite?
True
Is 13002079 a composite number?
False
Is 42403237 a composite number?
True
Is 63097 prime?
True
Is 133193 a prime number?
False
Is 110053 composite?
True
Is 3416423 prime?
True
Is 115029791 prime?
True
Is 97739153 composite?
False
Is 7455617 a composite number?
True
Is 7256107 prime?
False
Is 5243005 composite?
True
Is 12895019 a prime number?
False
Is 23666519 composite?
False
Is 3612809 composite?
False
Is 80917 composite?
False
Is 33932477 prime?
True
Is 3079077 a prime number?
False
Is 92884157 composite?
False
Is 24871237 a composite number?
False
Is 62080453 composite?
True
Is 5492281 composite?
True
Is 6736277 a composite number?
True
Is 7872413 composite?
False
Is 102003227 prime?
True
Is 316966519 composite?
True
Is 108354769 a composite number?
False
Is 1416131 prime?
False
Is 1008936209 prime?
True
Is 95851909 prime?
False
Is 1399427 composite?
False
Is 4081901 composite?
True
Is 7971049 composite?
True
Is 84499 a composite number?
False
Is 165578857 a prime number?
False
Is 55061257 prime?
True
Is 59551253 prime?
True
Is 20672543 a composite number?
True
Is 6874499 a prime number?
True
Is 29110591 a composite number?
True
Is 11238361 prime?
False
Is 307381 a composite number?
False
Is 14620207 composite?
True
Is 26092853 composite?
False
Is 479931 composite?
True
Is 1441931 a composite number?
False
Is 85077863 composite?
True
Is 386471 a composite number?
False
Is 114024401 a composite number?
False
Is 15468205 composite?
True
Is 146228303 a composite number?
True
Is 44855137 a prime number?
False
Is 103163851 prime?
False
Is 1721729 composite?
False
Is 233867 a composite number?
True
Is 86746061 composite?
False
Is 3671479 a composite number?
True
Is 3984569 prime?
False
Is 2479957 composite?
True
Is 6414173 a prime number?
True
Is 85597 a composite number?
False
Is 105652003 composite?
False
Is 540901 a prime number?
True
Is 15440083 a composite number?
True
Is 2028059 composite?
True
Is 9292033 a composite number?
True
Is 87747857 a prime number?
False
Is 14407553 a prime number?
True
Is 102594938 a prime number?
False
Is 1697842 a prime number?
False
Is 37801817 a prime number?
True
Is 59600477 a composite number?
True
Is 12470927 a prime number?
False
Is 243213617 a prime number?
False
Is 61735187 composite?
True
Is 6638389 a prime number?
False
Is 588347 composite?
False
Is 420672317 composite?
True
Is 21959989 a composite number?
True
Is 20099147 a composite number?
True
Is 98956057 prime?
True
Is 2899489 composite?
False
Is 115349441 composite?
True
Is 3353281 composite?
False
Is 1555231 prime?
True
Is 3806281 prime?
True
Is 11567813 a composite number?
False
Is 7787183 a prime number?
True
Is 36137237 composite?
False
Is 13446017 prime?
False
Is 26513063 composite?
True
Is 26378059 a composite number?
False
Is 769357 prime?
True
Is 26457 prime?
False
Is 23210249 a composite number?
False
Is 119040193 prime?
True
Is 45820739 composite?
True
Is 377963 a prime number?
True
Is 82641113 composite?
False
Is 22820009 composite?
True
Is 8391347 a composite number?
True
Is 72661181 prime?
True
Is 3200081 a composite number?
False
Is 11895973 a prime number?
True
Is 24250969 a composite number?
False
Is 6981413 composite?
True
Is 54219677 prime?
True
Is 10408649 composite?
False
Is 359837 prime?
True
Is 6239227 prime?
True
Is 11488903 prime?
True
Is 5499629 prime?
False
Is 39213842 a composite number?
True
Is 4455743 a composite number?
False
Is 1931783 composite?
True
Is 23109701 composite?
True
Is 14476643 a composite number?
False
Is 137261209 a composite number?
False
Is 193648769 a prime number?
True
Is 1426781 a composite number?
False
Is 338483 a prime number?
False
Is 144482857 prime?
False
Is 6404897 prime?
False
Is 3297683 a prime number?
True
Is 82010303 composite?
True
Is 3509011 a composite number?
True
Is 165912671 a composite number?
True
Is 27216749 prime?
False
Is 545104159 prime?
True
Is 155423 prime?
True
Is 32671279 composite?
True
Is 218610031 a composite number?
True
Is 141443571 a composite number?
True
Is 1049401 a prime number?
False
Is 4375729 a composite number?
False
Is 4516969 a composite number?
False
Is 53775341 a composite number?
True
Is 13392979 a composite number?
True
Is 75294287 a composite number?
False
Is 19591051 a prime number?
True
Is 3083359 a composite number?
False
Is 36438889 a composite number?
False
Is 103943039 composite?
True
Is 124386007 a prime number?
True
Is 5690129 prime?
True
Is 3250351 a composite number?
True
Is 733834643 prime?
False
Is 10172267 composite?
True
Is 1594556179 prime?
True
Is 1315586 a prime number?
False
Is 29850671 a prime number?
True
Is 52284473 prime?
False
Is 2505449 a composite number?
True
Is 29202167 prime?
True
Is 10492159 composite?
False
Is 1576181 a prime number?
False
Is 192058397 composite?
False
Is 67658329 composite?
False
Is 15204131 prime?
True
Is 55720127 a composite number?
True
Is 85367 composite?
True
Is 8761237 a composite number?
False
Is 7573505 a prime number?
False
Is 163545731 a prime number?
False
Is 8457043 a composite number?
True
Is 3138391 prime?
True
Is 951035 composite?
True
Is 7548599 prime?
True
Is 1717311 composite?
True
Is 86607589 prime?
True
Is 195698483 prime?
True
Is 468127 a prime number?
False
Is 484553 composite?
True
Is 120634627 a prime number?
True
Is 2383427 prime?
True
Is 2406961 composite?
True
Is 22787749 composite?
False
Is 22081693 prime?
True
Is 4734989 a composite number?
True
Is 296632613 prime?
False
Is 127638739 prime?
True
Is 27205543 composite?
False
Is 27416299 a composite number?
True
Is 1892873 a composite number?
True
Is 14151199 a composite number?
False
Is 395846587 a prime number?
True
Is 22167263 a composite number?
True
Is 26634617 a composite number?
True
Is 55864777 composite?
True
Is 2044901 a composite number?
False
Is 687525853 prime?
False
Is 57990641 composite?
True
Is 20021371 a prime number?
False
Is 430453 a prime number?
True
Is 586973 prime?
True
Is 38482699 a composite number?
False
Is 2055917 prime?
True
Is 487855 a prime number?
False
Is 1304269 a composite number?
True
Is 7966199 composite?
False
Is 2403353 prime?
False
Is 15870247 a prime number?
True
Is 291080005 prime?
False
Is 368326129 a prime number?
False
Is 